80?
20
Calculate the greatest common divisor of 21 and 12.
3
Calculate the greatest common divisor of 1134 and 576.
18
Calculate the greatest common factor of 5143 and 973.
139
Calculate the highest common divisor of 117 and 81.
9
Calculate the greatest common divisor of 28 and 119.
7
Calculate the greatest common factor of 2816 and 11.
11
What is the greatest common divisor of 36 and 5418?
18
What is the greatest common factor of 24 and 3464?
8
What is the highest common divisor of 50 and 275?
25
What is the highest common divisor of 356 and 4?
4
What is the highest common factor of 176 and 8030?
22
Calculate the greatest common factor of 1187 and 1.
1
What is the highest common divisor of 605 and 55?
55
What is the greatest common factor of 18 and 2286?
18
What is the highest common factor of 4042 and 1034?
94
What is the highest common factor of 4802 and 14?
14
What is the highest common divisor of 2242 and 118?
118
What is the highest common factor of 442 and 104?
26
What is the highest common factor of 7 and 35609?
7
Calculate the highest common divisor of 17104 and 16.
16
What is the greatest common divisor of 36 and 52?
4
Calculate the highest common factor of 1207 and 71.
71
Calculate the greatest common divisor of 52 and 832.
52
What is the greatest common divisor of 13 and 208?
13
Calculate the highest common divisor of 2079 and 77.
77
Calculate the highest common divisor of 352 and 143.
11
Calculate the greatest common divisor of 25 and 85.
5
Calculate the greatest common factor of 93 and 3.
3
What is the greatest common factor of 12 and 96?
12
What is the highest common divisor of 868 and 496?
124
What is the highest common divisor of 32 and 32?
32
What is the greatest common factor of 32 and 536?
8
Calculate the greatest common factor of 1586 and 122.
122
Calculate the greatest common divisor of 90 and 1510.
10
What is the greatest common divisor of 25 and 15?
5
What is the highest common divisor of 1169 and 35?
7
What is the highest common factor of 93 and 1488?
93
Calculate the greatest common factor of 560 and 35.
35
Calculate the highest common divisor of 1324 and 12.
4
What is the greatest common divisor of 18 and 72?
18
Calculate the highest common factor of 406 and 116.
58
Calculate the highest common factor of 561 and 1056.
33
What is the highest common divisor of 275 and 22?
11
Calculate the highest common divisor of 7 and 191.
1
Calculate the greatest common factor of 1209 and 143.
13
What is the greatest common divisor of 10 and 18815?
5
What is the greatest common divisor of 84217 and 742?
371
What is the highest common divisor of 1 and 2?
1
What is the highest common factor of 105 and 777?
21
What is the greatest common divisor of 103 and 35535?
103
Calculate the highest common factor of 13 and 416.
13
What is the greatest common divisor of 51 and 51?
51
What is the greatest common factor of 32 and 176?
16
What is the highest common factor of 36 and 120996?
36
Calculate the highest common divisor of 84 and 144.
12
Calculate the highest common factor of 12 and 52.
4
What is the greatest common divisor of 83 and 83?
83
Calculate the greatest common factor of 126 and 28.
14
What is the highest common divisor of 16696 and 16?
8
Calculate the highest common divisor of 52 and 221.
13
Calculate the highest common divisor of 558 and 24.
6
Calculate the greatest common divisor of 21093 and 237.
237
What is the highest common divisor of 1060 and 20?
20
What is the greatest common factor of 12 and 88?
4
What is the highest common divisor of 146 and 1022?
146
Calculate the greatest common factor of 420 and 9380.
140
What is the highest common divisor of 143 and 33?
11
What is the highest common divisor of 56 and 10430?
14
Calculate the greatest common divisor of 1638 and 246.
6
What is the greatest common divisor of 36 and 180?
36
What is the greatest common divisor of 333 and 90?
9
Calculate the highest common divisor of 117 and 26.
13
Calculate the greatest common divisor of 39 and 4017.
39
What is the highest common divisor of 67097 and 458?
229
Calculate the greatest common factor of 217 and 3131.
31
Calculate the greatest common divisor of 260 and 20.
20
What is the greatest common factor of 918 and 714?
102
Calculate the greatest common divisor of 15 and 135.
15
Calculate the highest common divisor of 19 and 817.
19
Calculate the greatest common divisor of 81 and 1296.
81
Calculate the highest common factor of 136 and 51.
17
Calculate the highest common factor of 800 and 5088.
32
What is the greatest common divisor of 65 and 65?
65
Calculate the highest common factor of 665 and 35.
35
What is the highest common divisor of 63 and 1029?
21
What is the highest common divisor of 53685 and 45?
45
What is the highest common factor of 16635 and 60?
15
What is the highest common factor of 144 and 22?
2
What is the greatest common divisor of 35 and 38115?
35
Calculate the greatest common divisor of 47 and 423.
47
Calculate the greatest common divisor of 140 and 1575.
35
Calculate the greatest common divisor of 158 and 3239.
79
What is the highest common divisor of 28 and 308?
28
What is the highest common divisor of 66 and 429?
33
What is the greatest common factor of 234 and 598?
26
What is the highest common factor of 1620 and 20?
20
What is the greatest common divisor of 87 and 95439?
87
Calculate the highest common factor of 39 and 1443.
39
What is the greatest common divisor of 352 and 32?
32
Calculate the greatest common divisor of 1420 and 20.
20
What is the highest common factor of 24 and 248?
8
Calculate the highest common divisor of 92 and 414.
46
Calculate the highest common divisor of 7182 and 1386.
126
Calculate the greatest common factor of 8 and 181.
1
Calculate the greatest common factor of 552 and 48.
24
What is the greatest common factor of 9 and 660?
3
Calculate the highest common divisor of 438 and 13359.
219
What is the highest common divisor of 72 and 54?
18
What is the highest common divisor of 23 and 299?
23
What is the highest common factor of 13144 and 318?
106
What is the highest common divisor of 100 and 140?
20
What is the greatest common divisor of 56 and 1512?
56
Calculate the greatest common divisor of 188 and 36.
4
Calculate the greatest common divisor of 3960 and 288.
72
Calculate the greatest common factor of 936 and 208.
104
Calculate the greatest common factor of 992 and 32.
32
What is the greatest common divisor of 627 and 275?
11
What is the greatest common divisor of 6068 and 74?
74
What is the highest common factor of 966 and 345?
69
What is the greatest common divisor of 620 and 1395?
155
What is the highest common factor of 236 and 28556?
236
Calculate the highest common divisor of 411 and 9.
3
Calculate the greatest common factor of 48 and 6.
6
What is the highest common divisor of 740 and 2405?
185
Calculate the highest common factor of 45 and 234.
9
What is the highest common factor of 21 and 1211?
7
Calculate the highest common factor of 92 and 16.
4
Calculate the greatest common divisor of 189 and 1917.
27
What is the greatest common factor of 179608 and 13?
13
Calculate the highest common factor of 408 and 51.
51
Calculate the greatest common divisor of 869 and 33.
11
Calculate the highest common factor of 12 and 96.
12
What is the highest common divisor of 885 and 7257?
177
What is the greatest common divisor of 19074 and 204?
102
Calculate the highest common divisor of 165 and 363.
33
What is the greatest common divisor of 76 and 38?
38
What is the highest common factor of 12 and 1812?
12
What is the greatest common factor of 12 and 15?
3
What is the highest common divisor of 4 and 1546?
2
What is the greatest common factor of 72 and 21?
3
Calculate the greatest common divisor of 195 and 4875.
195
Calculate the greatest common factor of 512 and 32.
32
What is the highest common divisor of 98 and 4704?
98
What is the greatest common factor of 3904 and 122?
122
Calculate the greatest common factor of 46 and 18814.
46
What is the greatest common divisor of 9 and 387?
9
What is the greatest common divisor of 36 and 30402?
18
Calculate the greatest common factor of 318 and 689.
53
What is the highest common divisor of 23436 and 56?
28
Calculate the greatest common divisor of 530 and